{"id":2583,"date":"2020-12-20T17:02:18","date_gmt":"2020-12-20T23:02:18","guid":{"rendered":"https:\/\/agmedical.com.mx\/?page_id=2583"},"modified":"2023-07-31T15:23:56","modified_gmt":"2023-07-31T21:23:56","slug":"cirugia-guiada","status":"publish","type":"page","link":"https:\/\/agmedical.com.mx\/index.php\/cirugia-guiada\/","title":{"rendered":"Cirug\u00eda Guiada Para Implantolog\u00eda"},"content":{"rendered":"<p>[vc_row][vc_column][tm_heading custom_google_font=\u00bb\u00bb align=\u00bbcenter\u00bb text_color=\u00bbcustom\u00bb custom_text_color=\u00bb#ffffff\u00bb text=\u00bb\u00a1Recupera tu hermosa sonrisa!\u00bb font_size=\u00bbxs:36;lg:42&#8243;][tm_spacer size=\u00bblg:70&#8243;][tm_spacer size=\u00bbxs:50;lg:20&#8243;][\/vc_column][\/vc_row][vc_row full_width=\u00bbstretch_row\u00bb background_color=\u00bbcustom\u00bb background_repeat=\u00bbrepeat\u00bb background_size=\u00bbauto\u00bb custom_background_color=\u00bb#f2f6f9&#8243; background_image=\u00bb917&#8243;][vc_column][tm_spacer size=\u00bblg:100&#8243;][tm_heading tag=\u00bbh2&#8243; custom_google_font=\u00bb\u00bb font_weight=\u00bb500&#8243; text_transform=\u00bbuppercase\u00bb align=\u00bbcenter\u00bb text=\u00bbCirug\u00eda Guiada\u00bb font_size=\u00bblg:20&#8243; letter_spacing=\u00bb1.75px\u00bb][tm_spacer size=\u00bblg:15&#8243;][tm_heading tag=\u00bbh2&#8243; custom_google_font=\u00bb\u00bb font_weight=\u00bb500&#8243; text_transform=\u00bbuppercase\u00bb align=\u00bbcenter\u00bb text=\u00bbSustituye piezas dentales con las terapias m\u00e1s<br \/>\navanzadas de la odontolog\u00eda.\u00bb font_size=\u00bblg:18&#8243; letter_spacing=\u00bb1.75px\u00bb][tm_spacer size=\u00bblg:50&#8243;][vc_tta_tabs active_section=\u00bb1&#8243;][vc_tta_section title=\u00bbBeneficios\u00bb tab_id=\u00bb1562061089374-0edeba21-7b87&#8243;][vc_row_inner content_placement=\u00bbmiddle\u00bb gutter=\u00bblg:65&#8243;][vc_column_inner offset=\u00bbvc_col-lg-6&#8243;][tm_image image_size=\u00bbcustom\u00bb align=\u00bbcenter\u00bb image=\u00bb2700&#8243; image_size_width=\u00bb300&#8243;][\/vc_column_inner][vc_column_inner offset=\u00bbvc_col-lg-6&#8243;][tm_spacer size=\u00bblg:30&#8243;][tm_heading custom_google_font=\u00bb\u00bb text=\u00bbBeneficios de la cirug\u00eda guiada\u00bb font_size=\u00bblg:30&#8243;][tm_spacer size=\u00bblg:10&#8243;][tm_heading tag=\u00bbdiv\u00bb custom_google_font=\u00bb\u00bb text=\u00bb\u2714 Colocar el implante en la posici\u00f3n \u00f3ptima para lograr resultados est\u00e9ticos, funcionales y longevos.<br \/>\n\u2714 Reduce el riesgo quir\u00fargico, evitando zonas delicadas como el nervio dentario o el seno<br \/>\nmaxilar.<br \/>\n\u2714 En casos ideales, cirug\u00eda m\u00ednimamente invasiva sin necesidad de levantar la enc\u00eda<br \/>\n\u2714 Permite en algunos casos la colocaci\u00f3n de una pr\u00f3tesis provisional inmediata\u00bb][tm_spacer size=\u00bblg:35&#8243;][tm_spacer size=\u00bblg:50&#8243;][\/vc_column_inner][\/vc_row_inner][\/vc_tta_section][vc_tta_section title=\u00bbCirug\u00eda De Un Diente\u00bb tab_id=\u00bb1608499640649-939a9e08-9567&#8243;][vc_row_inner content_placement=\u00bbmiddle\u00bb gutter=\u00bblg:65&#8243;][vc_column_inner offset=\u00bbvc_col-lg-6&#8243;][tm_spacer size=\u00bblg:30&#8243;][tm_heading tag=\u00bbdiv\u00bb custom_google_font=\u00bb\u00bb align=\u00bbcenter\u00bb text=\u00bb<strong>Click al video &#8211; Tratamiento de diente unitario implanto soportado Straumann<\/strong>\u00ab][vc_video link=\u00bbhttps:\/\/www.youtube.com\/watch?v=0gwnx5_Mgmk&#038;ab_channel=Straumann\u00bb el_width=\u00bb80&#8243; align=\u00bbcenter\u00bb][tm_spacer size=\u00bblg:30&#8243;][\/vc_column_inner][vc_column_inner offset=\u00bbvc_col-lg-6&#8243;][tm_spacer size=\u00bblg:30&#8243;][tm_heading custom_google_font=\u00bb\u00bb text=\u00bbCirug\u00eda Guiada en un Diente\u00bb font_size=\u00bblg:30&#8243;][tm_spacer size=\u00bblg:30&#8243;][tm_heading tag=\u00bbdiv\u00bb custom_google_font=\u00bb\u00bb text=\u00bbEn condiciones ideales, reemplazar un diente puede ser un procedimiento de rutina, en AG Medical consultorio dental en Le\u00f3n, Guanajuato, te sugerimos ir planeando el reemplazo del diente con un implante dental antes de que el diente sea extra\u00eddo. En casos ideales se puede considerar una pr\u00f3tesis provisional inmediata el mismo d\u00eda de la cirug\u00eda.\u00bb][tm_spacer size=\u00bblg:30&#8243;][tm_heading tag=\u00bbdiv\u00bb custom_google_font=\u00bb\u00bb text=\u00bbEn casos que falte una peque\u00f1a parte de hueso, se podr\u00e1 colocar el implante y hueso<br \/>\n(xenoinjerto) en el mismo procedimiento.\u00bb][tm_spacer size=\u00bblg:35&#8243;][tm_image image_size=\u00bbcustom\u00bb align=\u00bbcenter\u00bb image_size_width=\u00bb300&#8243; image=\u00bb2691&#8243;][tm_spacer size=\u00bblg:50&#8243;][\/vc_column_inner][\/vc_row_inner][\/vc_tta_section][vc_tta_section title=\u00bbCirug\u00eda De Varios Dientes\u00bb tab_id=\u00bb1608499684112-5abd7942-e8c3&#8243;][vc_row_inner content_placement=\u00bbmiddle\u00bb gutter=\u00bblg:65&#8243;][vc_column_inner offset=\u00bbvc_col-lg-6&#8243;][tm_spacer size=\u00bblg:30&#8243;][tm_image image_size=\u00bbcustom\u00bb align=\u00bbcenter\u00bb image=\u00bb2622&#8243; image_size_width=\u00bb300&#8243;][tm_spacer size=\u00bblg:30&#8243;][tm_image image_size=\u00bbcustom\u00bb align=\u00bbcenter\u00bb image=\u00bb2699&#8243; image_size_width=\u00bb300&#8243;][tm_spacer size=\u00bblg:30&#8243;][\/vc_column_inner][vc_column_inner offset=\u00bbvc_col-lg-6&#8243;][tm_spacer size=\u00bblg:30&#8243;][tm_heading custom_google_font=\u00bb\u00bb text=\u00bbCirug\u00eda Guiada en Varios Dientes\u00bb font_size=\u00bblg:30&#8243;][tm_spacer size=\u00bblg:30&#8243;][tm_heading tag=\u00bbdiv\u00bb custom_google_font=\u00bb\u00bb text=\u00bbColocando un implante en cada extremo, en AG Medical podemos reponer varios dientes perdidos como lo es t\u00edpicamente el sector posterior (los dientes de atr\u00e1s)\u00bb][tm_spacer size=\u00bblg:30&#8243;][tm_heading tag=\u00bbdiv\u00bb custom_google_font=\u00bb\u00bb align=\u00bbcenter\u00bb text=\u00bb<strong>Click al video &#8211; Tratamiento de varias unidades implantosoportadas Straumann<\/strong>\u00ab][vc_video link=\u00bbhttps:\/\/www.youtube.com\/watch?v=cZVE0Njs45Y&#038;ab_channel=Straumann\u00bb el_width=\u00bb80&#8243; align=\u00bbcenter\u00bb][tm_spacer size=\u00bblg:35&#8243;][tm_spacer size=\u00bblg:50&#8243;][\/vc_column_inner][\/vc_row_inner][\/vc_tta_section][vc_tta_section title=\u00bbCirug\u00eda en Todos los Dientes\u00bb tab_id=\u00bb1609284022799-0836487c-20d4&#8243;][vc_row_inner content_placement=\u00bbmiddle\u00bb gutter=\u00bblg:65&#8243;][vc_column_inner offset=\u00bbvc_col-lg-6&#8243;][tm_spacer size=\u00bblg:30&#8243;][tm_image image_size=\u00bbcustom\u00bb align=\u00bbcenter\u00bb image=\u00bb2624&#8243; image_size_width=\u00bb300&#8243;][tm_spacer size=\u00bblg:30&#8243;][tm_image image_size=\u00bbcustom\u00bb align=\u00bbcenter\u00bb image=\u00bb2625&#8243; image_size_width=\u00bb300&#8243;][tm_spacer size=\u00bblg:30&#8243;][\/vc_column_inner][vc_column_inner offset=\u00bbvc_col-lg-6&#8243;][tm_spacer size=\u00bblg:30&#8243;][tm_heading custom_google_font=\u00bb\u00bb text=\u00bbCirug\u00eda Guiada en Todos los Dientes\u00bb font_size=\u00bblg:30&#8243;][tm_spacer size=\u00bblg:30&#8243;][tm_heading tag=\u00bbdiv\u00bb custom_google_font=\u00bb\u00bb text=\u00bbCuando el paciente ya no cuente con sus dientes, o sus dientes se encuentren en dentici\u00f3n terminal, se utiliza esta opci\u00f3n para reponer todos los dientes perdidos, con estas t\u00e9cnicas podemos hacer cambios significativos en la persona, puede mejorar totalmente la est\u00e9tica facial de su rostro as\u00ed como su calidad de vida\u00bb][tm_spacer size=\u00bblg:30&#8243;][tm_heading tag=\u00bbdiv\u00bb custom_google_font=\u00bb\u00bb text=\u00bbLa t\u00e9cnica de vanguardia se le conoce como \u201call on 4\u201d y \u201call on 6\u201d la cual est\u00e1 disponible para pacientes en Le\u00f3n, Guanajuato y pacientes for\u00e1neos. La t\u00e9cnica consiste en colocar entre 4 a 6 implantes posicionados en angulaciones precisas para reponer todos los dientes perdidos y estabilizar completamente la pr\u00f3tesis.\u00bb][tm_spacer size=\u00bblg:20&#8243;][tm_spacer size=\u00bblg:50&#8243;][\/vc_column_inner][\/vc_row_inner][\/vc_tta_section][\/vc_tta_tabs][tm_spacer size=\u00bblg:150&#8243;][\/vc_column][\/vc_row][vc_row full_width=\u00bbstretch_row\u00bb][vc_column][tm_spacer size=\u00bblg:100&#8243;][tm_spacer size=\u00bblg:300&#8243;][\/vc_column][\/vc_row]<\/p>\n","protected":false},"excerpt":{"rendered":"<p>[vc_row][vc_column][tm_heading custom_google_font=\u00bb\u00bb align=\u00bbcenter\u00bb text_color=\u00bbcustom\u00bb custom_text_color=\u00bb#ffffff\u00bb text=\u00bb\u00a1Recupera tu hermosa sonrisa!\u00bb font_size=\u00bbxs:36;lg:42&#8243;][tm_spacer size=\u00bblg:70&#8243;][tm_spacer size=\u00bbxs:50;lg:20&#8243;][\/vc_column][\/vc_row][vc_row full_width=\u00bbstretch_row\u00bb background_color=\u00bbcustom\u00bb background_repeat=\u00bbrepeat\u00bb background_size=\u00bbauto\u00bb custom_background_color=\u00bb#f2f6f9&#8243; background_image=\u00bb917&#8243;][vc_column][tm_spacer size=\u00bblg:100&#8243;][tm_heading tag=\u00bbh2&#8243; custom_google_font=\u00bb\u00bb font_weight=\u00bb500&#8243; text_transform=\u00bbuppercase\u00bb align=\u00bbcenter\u00bb text=\u00bbCirug\u00eda Guiada\u00bb font_size=\u00bblg:20&#8243; letter_spacing=\u00bb1.75px\u00bb][tm_spacer size=\u00bblg:15&#8243;][tm_heading tag=\u00bbh2&#8243; custom_google_font=\u00bb\u00bb font_weight=\u00bb500&#8243; text_transform=\u00bbuppercase\u00bb align=\u00bbcenter\u00bb text=\u00bbSustituye piezas dentales con las terapias m\u00e1s avanzadas de la odontolog\u00eda.\u00bb font_size=\u00bblg:18&#8243; letter_spacing=\u00bb1.75px\u00bb][tm_spacer size=\u00bblg:50&#8243;][vc_tta_tabs active_section=\u00bb1&#8243;][vc_tta_section title=\u00bbBeneficios\u00bb tab_id=\u00bb1562061089374-0edeba21-7b87&#8243;][vc_row_inner content_placement=\u00bbmiddle\u00bb gutter=\u00bblg:65&#8243;][vc_column_inner offset=\u00bbvc_col-lg-6&#8243;][tm_image image_size=\u00bbcustom\u00bb align=\u00bbcenter\u00bb image=\u00bb2700&#8243; image_size_width=\u00bb300&#8243;][\/vc_column_inner][vc_column_inner offset=\u00bbvc_col-lg-6&#8243;][tm_spacer size=\u00bblg:30&#8243;][tm_heading custom_google_font=\u00bb\u00bb text=\u00bbBeneficios de la cirug\u00eda guiada\u00bb font_size=\u00bblg:30&#8243;][tm_spacer size=\u00bblg:10&#8243;][tm_heading tag=\u00bbdiv\u00bb custom_google_font=\u00bb\u00bb text=\u00bb\u2714 Colocar el implante en la posici\u00f3n \u00f3ptima para lograr resultados est\u00e9ticos, funcionales y longevos. \u2714 Reduce el riesgo quir\u00fargico, evitando zonas delicadas como el nervio dentario o el seno maxilar. \u2714 En casos ideales, cirug\u00eda m\u00ednimamente invasiva sin necesidad de levantar la enc\u00eda \u2714 Permite en algunos casos la colocaci\u00f3n de una pr\u00f3tesis provisional inmediata\u00bb][tm_spacer size=\u00bblg:35&#8243;][tm_spacer size=\u00bblg:50&#8243;][\/vc_column_inner][\/vc_row_inner][\/vc_tta_section][vc_tta_section title=\u00bbCirug\u00eda De Un Diente\u00bb tab_id=\u00bb1608499640649-939a9e08-9567&#8243;][vc_row_inner content_placement=\u00bbmiddle\u00bb gutter=\u00bblg:65&#8243;][vc_column_inner offset=\u00bbvc_col-lg-6&#8243;][tm_spacer size=\u00bblg:30&#8243;][tm_heading tag=\u00bbdiv\u00bb custom_google_font=\u00bb\u00bb align=\u00bbcenter\u00bb text=\u00bbClick al video &#8211; Tratamiento de diente unitario implanto soportado Straumann\u00ab][vc_video link=\u00bbhttps:\/\/www.youtube.com\/watch?v=0gwnx5_Mgmk&#038;ab_channel=Straumann\u00bb el_width=\u00bb80&#8243; align=\u00bbcenter\u00bb][tm_spacer size=\u00bblg:30&#8243;][\/vc_column_inner][vc_column_inner offset=\u00bbvc_col-lg-6&#8243;][tm_spacer size=\u00bblg:30&#8243;][tm_heading custom_google_font=\u00bb\u00bb text=\u00bbCirug\u00eda Guiada en un Diente\u00bb font_size=\u00bblg:30&#8243;][tm_spacer size=\u00bblg:30&#8243;][tm_heading tag=\u00bbdiv\u00bb custom_google_font=\u00bb\u00bb text=\u00bbEn condiciones ideales, reemplazar un diente puede ser un procedimiento de rutina, en AG Medical consultorio dental en Le\u00f3n, Guanajuato, te sugerimos ir planeando el reemplazo del diente con un implante dental antes de que el diente sea extra\u00eddo. En casos ideales se puede considerar una pr\u00f3tesis provisional inmediata el mismo d\u00eda de la cirug\u00eda.\u00bb][tm_spacer size=\u00bblg:30&#8243;][tm_heading tag=\u00bbdiv\u00bb custom_google_font=\u00bb\u00bb text=\u00bbEn casos que falte una peque\u00f1a parte de hueso, se podr\u00e1 colocar el implante y hueso (xenoinjerto) en el mismo procedimiento.\u00bb][tm_spacer size=\u00bblg:35&#8243;][tm_image image_size=\u00bbcustom\u00bb align=\u00bbcenter\u00bb image_size_width=\u00bb300&#8243; image=\u00bb2691&#8243;][tm_spacer size=\u00bblg:50&#8243;][\/vc_column_inner][\/vc_row_inner][\/vc_tta_section][vc_tta_section title=\u00bbCirug\u00eda De Varios Dientes\u00bb tab_id=\u00bb1608499684112-5abd7942-e8c3&#8243;][vc_row_inner content_placement=\u00bbmiddle\u00bb gutter=\u00bblg:65&#8243;][vc_column_inner offset=\u00bbvc_col-lg-6&#8243;][tm_spacer size=\u00bblg:30&#8243;][tm_image image_size=\u00bbcustom\u00bb align=\u00bbcenter\u00bb image=\u00bb2622&#8243; image_size_width=\u00bb300&#8243;][tm_spacer size=\u00bblg:30&#8243;][tm_image image_size=\u00bbcustom\u00bb align=\u00bbcenter\u00bb image=\u00bb2699&#8243; image_size_width=\u00bb300&#8243;][tm_spacer size=\u00bblg:30&#8243;][\/vc_column_inner][vc_column_inner offset=\u00bbvc_col-lg-6&#8243;][tm_spacer size=\u00bblg:30&#8243;][tm_heading custom_google_font=\u00bb\u00bb text=\u00bbCirug\u00eda Guiada en Varios Dientes\u00bb font_size=\u00bblg:30&#8243;][tm_spacer size=\u00bblg:30&#8243;][tm_heading tag=\u00bbdiv\u00bb custom_google_font=\u00bb\u00bb text=\u00bbColocando un implante en cada extremo, en AG Medical podemos reponer varios dientes perdidos como lo es t\u00edpicamente el sector posterior (los dientes de atr\u00e1s)\u00bb][tm_spacer size=\u00bblg:30&#8243;][tm_heading tag=\u00bbdiv\u00bb custom_google_font=\u00bb\u00bb align=\u00bbcenter\u00bb text=\u00bbClick al video &#8211; Tratamiento de varias unidades implantosoportadas Straumann\u00ab][vc_video link=\u00bbhttps:\/\/www.youtube.com\/watch?v=cZVE0Njs45Y&#038;ab_channel=Straumann\u00bb el_width=\u00bb80&#8243; align=\u00bbcenter\u00bb][tm_spacer size=\u00bblg:35&#8243;][tm_spacer size=\u00bblg:50&#8243;][\/vc_column_inner][\/vc_row_inner][\/vc_tta_section][vc_tta_section title=\u00bbCirug\u00eda en Todos los Dientes\u00bb tab_id=\u00bb1609284022799-0836487c-20d4&#8243;][vc_row_inner content_placement=\u00bbmiddle\u00bb gutter=\u00bblg:65&#8243;][vc_column_inner offset=\u00bbvc_col-lg-6&#8243;][tm_spacer size=\u00bblg:30&#8243;][tm_image image_size=\u00bbcustom\u00bb align=\u00bbcenter\u00bb image=\u00bb2624&#8243; image_size_width=\u00bb300&#8243;][tm_spacer size=\u00bblg:30&#8243;][tm_image image_size=\u00bbcustom\u00bb align=\u00bbcenter\u00bb image=\u00bb2625&#8243; image_size_width=\u00bb300&#8243;][tm_spacer size=\u00bblg:30&#8243;][\/vc_column_inner][vc_column_inner offset=\u00bbvc_col-lg-6&#8243;][tm_spacer size=\u00bblg:30&#8243;][tm_heading custom_google_font=\u00bb\u00bb text=\u00bbCirug\u00eda Guiada en Todos los Dientes\u00bb font_size=\u00bblg:30&#8243;][tm_spacer size=\u00bblg:30&#8243;][tm_heading tag=\u00bbdiv\u00bb custom_google_font=\u00bb\u00bb text=\u00bbCuando el paciente ya no cuente con sus dientes, o sus dientes se encuentren en dentici\u00f3n terminal, se utiliza esta opci\u00f3n para reponer todos los dientes perdidos, con estas t\u00e9cnicas podemos hacer cambios significativos en la persona, puede mejorar totalmente la est\u00e9tica facial de su rostro as\u00ed como su calidad de vida\u00bb][tm_spacer size=\u00bblg:30&#8243;][tm_heading tag=\u00bbdiv\u00bb custom_google_font=\u00bb\u00bb text=\u00bbLa t\u00e9cnica de vanguardia se le conoce como \u201call on 4\u201d y \u201call on 6\u201d la cual est\u00e1 disponible para pacientes en Le\u00f3n, Guanajuato y pacientes for\u00e1neos. La t\u00e9cnica consiste en colocar entre 4 a 6 implantes posicionados en angulaciones precisas para reponer todos los dientes perdidos y estabilizar completamente la pr\u00f3tesis.\u00bb][tm_spacer size=\u00bblg:20&#8243;][tm_spacer size=\u00bblg:50&#8243;][\/vc_column_inner][\/vc_row_inner][\/vc_tta_section][\/vc_tta_tabs][tm_spacer size=\u00bblg:150&#8243;][\/vc_column][\/vc_row][vc_row full_width=\u00bbstretch_row\u00bb][vc_column][tm_spacer size=\u00bblg:100&#8243;][tm_spacer size=\u00bblg:300&#8243;][\/vc_column][\/vc_row]<\/p>\n","protected":false},"author":1,"featured_media":0,"parent":0,"menu_order":0,"comment_status":"closed","ping_status":"closed","template":"","meta":{"_joinchat":[],"footnotes":""},"class_list":["post-2583","page","type-page","status-publish","hentry"],"_links":{"self":[{"href":"https:\/\/agmedical.com.mx\/index.php\/wp-json\/wp\/v2\/pages\/2583","targetHints":{"allow":["GET"]}}],"collection":[{"href":"https:\/\/agmedical.com.mx\/index.php\/wp-json\/wp\/v2\/pages"}],"about":[{"href":"https:\/\/agmedical.com.mx\/index.php\/wp-json\/wp\/v2\/types\/page"}],"author":[{"embeddable":true,"href":"https:\/\/agmedical.com.mx\/index.php\/wp-json\/wp\/v2\/users\/1"}],"replies":[{"embeddable":true,"href":"https:\/\/agmedical.com.mx\/index.php\/wp-json\/wp\/v2\/comments?post=2583"}],"version-history":[{"count":18,"href":"https:\/\/agmedical.com.mx\/index.php\/wp-json\/wp\/v2\/pages\/2583\/revisions"}],"predecessor-version":[{"id":2956,"href":"https:\/\/agmedical.com.mx\/index.php\/wp-json\/wp\/v2\/pages\/2583\/revisions\/2956"}],"wp:attachment":[{"href":"https:\/\/agmedical.com.mx\/index.php\/wp-json\/wp\/v2\/media?parent=2583"}],"curies":[{"name":"wp","href":"https:\/\/api.w.org\/{rel}","templated":true}]}}