{"id":101,"date":"2019-05-31T03:33:14","date_gmt":"2019-05-31T03:33:14","guid":{"rendered":"http:\/\/agmedical.com.mx\/index.php\/about-us\/"},"modified":"2023-07-31T15:18:42","modified_gmt":"2023-07-31T21:18:42","slug":"quienes-somos","status":"publish","type":"page","link":"https:\/\/agmedical.com.mx\/index.php\/quienes-somos\/","title":{"rendered":"\u00bfQui\u00e9nes somos?"},"content":{"rendered":"<p>[vc_row full_width=\u00bbstretch_row_content_no_spaces\u00bb][vc_column]\n\t\t\t<!-- START About 01 REVOLUTION SLIDER 6.2.2 --><p class=\"rs-p-wp-fix\"><\/p>\n\t\t\t<rs-module-wrap id=\"rev_slider_17_1_wrapper\" data-source=\"gallery\" style=\"background:transparent;padding:0;margin:0px auto;margin-top:0;margin-bottom:0;\">\n\t\t\t\t<rs-module id=\"rev_slider_17_1\" style=\"display:none;\" data-version=\"6.2.2\">\n\t\t\t\t\t<rs-slides>\n\t\t\t\t\t\t<rs-slide data-key=\"rs-35\" data-title=\"Slide\" data-anim=\"ei:d;eo:d;s:1000;r:0;t:fade;sl:0;\">\n\t\t\t\t\t\t\t<img loading=\"lazy\" decoding=\"async\" src=\"\/\/vietcao.local\/denteeth\/wp-content\/uploads\/2019\/12\/about-1-new.png\" title=\"about-1-new\" width=\"1920\" height=\"700\" data-parallax=\"10\" class=\"rev-slidebg\" data-no-retina>\n<!--\n\t\t\t\t\t\t\t--><rs-layer\n\t\t\t\t\t\t\t\tid=\"slider-17-slide-35-layer-3\" \n\t\t\t\t\t\t\t\tdata-type=\"text\"\n\t\t\t\t\t\t\t\tdata-rsp_ch=\"on\"\n\t\t\t\t\t\t\t\tdata-xy=\"xo:184px,78px,59px,36px;yo:162px,279px,211px,210px;\"\n\t\t\t\t\t\t\t\tdata-text=\"w:normal;s:120,90,74,63;l:130,97,80,69;fw:800;\"\n\t\t\t\t\t\t\t\tdata-dim=\"w:1196px,546px,451px,389px;\"\n\t\t\t\t\t\t\t\tdata-basealign=\"slide\"\n\t\t\t\t\t\t\t\tdata-frame_0=\"y:50,26,19,11;\"\n\t\t\t\t\t\t\t\tdata-frame_1=\"sp:1000;\"\n\t\t\t\t\t\t\t\tdata-frame_999=\"o:0;st:w;\"\n\t\t\t\t\t\t\t\tstyle=\"z-index:9;font-family:Heebo;\"\n\t\t\t\t\t\t\t>Odontolog\u00eda de Autor: Precisi\u00f3n t\u00e9cnica, cuidado artesanal. \n\t\t\t\t\t\t\t<\/rs-layer><!--\n-->\t\t\t\t\t\t<\/rs-slide>\n\t\t\t\t\t<\/rs-slides>\n\t\t\t\t\t<rs-progress class=\"rs-bottom\" style=\"visibility: hidden !important;\"><\/rs-progress>\n\t\t\t\t<\/rs-module>\n\t\t\t\t<script type=\"text\/javascript\">\n\t\t\t\t\tsetREVStartSize({c: 'rev_slider_17_1',rl:[1240,1024,778,480],el:[700,700,650,600],gw:[1920,1024,778,480],gh:[700,700,650,600],type:'standard',justify:'',layout:'fullwidth',mh:\"0\"});\n\t\t\t\t\tvar\trevapi17,\n\t\t\t\t\t\ttpj;\n\t\t\t\t\tjQuery(function() {\n\t\t\t\t\t\ttpj = jQuery;\n\t\t\t\t\t\tif(tpj(\"#rev_slider_17_1\").revolution == undefined){\n\t\t\t\t\t\t\trevslider_showDoubleJqueryError(\"#rev_slider_17_1\");\n\t\t\t\t\t\t}else{\n\t\t\t\t\t\t\trevapi17 = tpj(\"#rev_slider_17_1\").show().revolution({\n\t\t\t\t\t\t\t\tjsFileLocation:\"\/\/agmedical.com.mx\/wp-content\/plugins\/revslider\/public\/assets\/js\/\",\n\t\t\t\t\t\t\t\tsliderLayout:\"fullwidth\",\n\t\t\t\t\t\t\t\tvisibilityLevels:\"1240,1024,778,480\",\n\t\t\t\t\t\t\t\tgridwidth:\"1920,1024,778,480\",\n\t\t\t\t\t\t\t\tgridheight:\"700,700,650,600\",\n\t\t\t\t\t\t\t\tspinner:\"spinner0\",\n\t\t\t\t\t\t\t\teditorheight:\"700,700,650,600\",\n\t\t\t\t\t\t\t\tresponsiveLevels:\"1240,1024,778,480\",\n\t\t\t\t\t\t\t\tdisableProgressBar:\"on\",\n\t\t\t\t\t\t\t\tnavigation: {\n\t\t\t\t\t\t\t\t\tonHoverStop:false\n\t\t\t\t\t\t\t\t},\n\t\t\t\t\t\t\t\tparallax: {\n\t\t\t\t\t\t\t\t\tlevels:[5,10,15,20,25,30,35,40,45,46,47,48,49,50,51,30],\n\t\t\t\t\t\t\t\t\ttype:\"scroll\",\n\t\t\t\t\t\t\t\t\torigo:\"slidercenter\",\n\t\t\t\t\t\t\t\t\tspeed:0\n\t\t\t\t\t\t\t\t},\n\t\t\t\t\t\t\t\tscrolleffect: {\n\t\t\t\t\t\t\t\t\tset:true,\n\t\t\t\t\t\t\t\t\tmultiplicator:1.3,\n\t\t\t\t\t\t\t\t\tmultiplicator_layers:1.3\n\t\t\t\t\t\t\t\t},\n\t\t\t\t\t\t\t\tfallbacks: {\n\t\t\t\t\t\t\t\t\tallowHTML5AutoPlayOnAndroid:true\n\t\t\t\t\t\t\t\t},\n\t\t\t\t\t\t\t});\n\t\t\t\t\t\t}\n\t\t\t\t\t\t\n\t\t\t\t\t});\n\t\t\t\t<\/script>\n\t\t\t<\/rs-module-wrap>\n\t\t\t<!-- END REVOLUTION SLIDER -->\n[\/vc_column][\/vc_row][vc_row full_width=\u00bbstretch_row\u00bb lg_spacing=\u00bbpadding_top:100;padding_bottom:40&#8243; background_image=\u00bb2053&#8243; background_position=\u00bbcenter center\u00bb][vc_column][vc_row_inner content_placement=\u00bbmiddle\u00bb gutter=\u00bbsm:30;md:80;lg:120&#8243;][vc_column_inner width=\u00bb1\/2&#8243; offset=\u00bbvc_col-lg-6&#8243;][tm_image image_size=\u00bbcustom\u00bb animation=\u00bbfade-in\u00bb image=\u00bb2318&#8243; image_size_width=\u00bb300&#8243; rounded=\u00bb20&#8243; box_shadow=\u00bb0 5px 10px #696868&#8243;][tm_spacer size=\u00bblg:60&#8243;][\/vc_column_inner][vc_column_inner width=\u00bb1\/2&#8243; offset=\u00bbvc_col-lg-6&#8243;][tm_heading tag=\u00bbh2&#8243; custom_google_font=\u00bb\u00bb google_fonts=\u00bbfont_family:Poppins%3A300%2Cregular%2C500%2C600%2C700|font_style:700%20bold%20regular%3A700%3Anormal\u00bb font_weight=\u00bb500&#8243; text_transform=\u00bbuppercase\u00bb text_color=\u00bbcustom\u00bb custom_text_color=\u00bbrgba(255,255,255,0.8)\u00bb animation=\u00bbmove-up\u00bb text=\u00bb\u00bfQui\u00e9nes somos?\u00bb font_size=\u00bblg:14&#8243; letter_spacing=\u00bb1.75px\u00bb max_width=\u00bb200&#8243;][tm_spacer size=\u00bblg:20&#8243;][tm_heading tag=\u00bbh4&#8243; custom_google_font=\u00bb\u00bb text_color=\u00bbcustom\u00bb custom_text_color=\u00bb#ffffff\u00bb text=\u00bbSomos un consultorio dental en Le\u00f3n, Guanajuato, con la misi\u00f3n de lograr que<mark> t\u00fa sonrisa sea sana, funcional y est\u00e9tica<\/mark>.\u00bb font_size=\u00bblg:25&#8243;][tm_spacer size=\u00bblg:60&#8243;][tm_heading custom_google_font=\u00bb\u00bb text_color=\u00bbcustom\u00bb custom_text_color=\u00bb#ffffff\u00bb text=\u00bbEn AG Medical, contamos con diferentes especialistas para resolver tus necesidades y lograr trabajos de calidad y longevos. Atendemos a pacientes de todas las edades.\u00bb font_size=\u00bblg:24&#8243;][tm_spacer size=\u00bblg:60&#8243;][tm_heading custom_google_font=\u00bb\u00bb text_color=\u00bbcustom\u00bb custom_text_color=\u00bb#ffffff\u00bb text=\u00bbT\u00fa caso ser\u00e1 evaluado a fondo para ofrecer el mejor tratamiento para ti y tus seres queridos. En la entrevista inicial vamos a evaluar cuales son tus necesidades. Contamos con equipo de especialidades dentales.\u00bb font_size=\u00bblg:24&#8243;][tm_spacer size=\u00bblg:60&#8243;][\/vc_column_inner][\/vc_row_inner][tm_heading tag=\u00bbh1&#8243; custom_google_font=\u00bb\u00bb text_transform=\u00bbuppercase\u00bb align=\u00bbcenter\u00bb text_color=\u00bbcustom\u00bb custom_text_color=\u00bb#ffffff\u00bb text=\u00bbServicios\u00bb font_size=\u00bblg:30&#8243; letter_spacing=\u00bb1.75px\u00bb][tm_spacer size=\u00bblg:20&#8243;][tm_heading custom_google_font=\u00bb\u00bb google_fonts=\u00bbfont_family:Poppins%3A300%2Cregular%2C500%2C600%2C700|font_style:400%20regular%3A400%3Anormal\u00bb align=\u00bbcenter\u00bb text_color=\u00bbcustom\u00bb custom_text_color=\u00bb#1e73be\u00bb icon_type=\u00bbsmilepure\u00bb icon_smilepure=\u00bbsmilepure-implant\u00bb text=\u00bbImplantes Dentales\u00bb font_size=\u00bbsm:36;lg:42&#8243;][tm_heading custom_google_font=\u00bb\u00bb google_fonts=\u00bbfont_family:Poppins%3A300%2Cregular%2C500%2C600%2C700|font_style:400%20regular%3A400%3Anormal\u00bb align=\u00bbcenter\u00bb text_color=\u00bbcustom\u00bb custom_text_color=\u00bb#1e73be\u00bb icon_type=\u00bbsmilepure\u00bb icon_smilepure=\u00bbsmilepure-mouthwash\u00bb text=\u00bbOdontolog\u00eda Preventiva\u00bb font_size=\u00bbsm:36;lg:42&#8243;][tm_heading custom_google_font=\u00bb\u00bb google_fonts=\u00bbfont_family:Poppins%3A300%2Cregular%2C500%2C600%2C700|font_style:400%20regular%3A400%3Anormal\u00bb align=\u00bbcenter\u00bb text_color=\u00bbcustom\u00bb custom_text_color=\u00bb#1e73be\u00bb icon_type=\u00bbsmilepure\u00bb icon_smilepure=\u00bbsmilepure-teeth\u00bb text=\u00bbOdontolog\u00eda Est\u00e9tica\u00bb font_size=\u00bbsm:36;lg:42&#8243;][tm_heading custom_google_font=\u00bb\u00bb google_fonts=\u00bbfont_family:Poppins%3A300%2Cregular%2C500%2C600%2C700|font_style:400%20regular%3A400%3Anormal\u00bb align=\u00bbcenter\u00bb text_color=\u00bbcustom\u00bb custom_text_color=\u00bb#1e73be\u00bb icon_type=\u00bbsmilepure\u00bb icon_smilepure=\u00bbsmilepure-tooth-1&#8243; text=\u00bbOdontolog\u00eda Restauradora\u00bb font_size=\u00bbsm:36;lg:42&#8243;][tm_spacer size=\u00bblg:30&#8243;][\/vc_column][\/vc_row][vc_row][vc_column][tm_spacer size=\u00bblg:10&#8243;][\/vc_column][\/vc_row][vc_row][vc_column][tm_spacer size=\u00bblg:60&#8243;][tm_spacer size=\u00bblg:60&#8243;][\/vc_column][\/vc_row][vc_row full_width=\u00bbstretch_row_content\u00bb background_color=\u00bbsecondary\u00bb lg_spacing=\u00bbpadding_right:100;padding_left:100&#8243; md_spacing=\u00bbpadding_right:70;padding_left:70&#8243; sm_spacing=\u00bbpadding_right:50;padding_left:50&#8243; xs_spacing=\u00bbpadding_right:30;padding_left:30&#8243;][vc_column][tm_spacer size=\u00bblg:30&#8243;][tm_heading custom_google_font=\u00bb\u00bb google_fonts=\u00bbfont_family:Poppins%3A300%2Cregular%2C500%2C600%2C700|font_style:400%20regular%3A400%3Anormal\u00bb align=\u00bbcenter\u00bb text_color=\u00bbcustom\u00bb custom_text_color=\u00bb#ffffff\u00bb text=\u00bbConoce nuestra Infraestructura\u00bb font_size=\u00bbsm:36;lg:42&#8243;][tm_spacer size=\u00bblg:100&#8243;][tm_heading tag=\u00bbdiv\u00bb custom_google_font=\u00bb\u00bb google_fonts=\u00bbfont_family:Poppins%3A300%2Cregular%2C500%2C600%2C700|font_style:400%20regular%3A400%3Anormal\u00bb align=\u00bbcenter\u00bb text_color=\u00bbcustom\u00bb custom_text_color=\u00bb#ffffff\u00bb text=\u00bbSitio en construcci\u00f3n, disculpe las molestias\u00bb font_size=\u00bbsm:36;lg:42&#8243;][tm_spacer size=\u00bblg:100&#8243;][tm_image align=\u00bbcenter\u00bb animation=\u00bbfall-perspective\u00bb image=\u00bb2405&#8243; rounded=\u00bb15&#8243;][tm_spacer size=\u00bblg:100&#8243;][tm_spacer size=\u00bblg:15&#8243;][\/vc_column][\/vc_row][vc_row][vc_column][tm_spacer size=\u00bblg:150&#8243;][\/vc_column][\/vc_row]<\/p>\n","protected":false},"excerpt":{"rendered":"<p>[vc_row full_width=\u00bbstretch_row_content_no_spaces\u00bb][vc_column][\/vc_column][\/vc_row][vc_row full_width=\u00bbstretch_row\u00bb lg_spacing=\u00bbpadding_top:100;padding_bottom:40&#8243; background_image=\u00bb2053&#8243; background_position=\u00bbcenter center\u00bb][vc_column][vc_row_inner content_placement=\u00bbmiddle\u00bb gutter=\u00bbsm:30;md:80;lg:120&#8243;][vc_column_inner width=\u00bb1\/2&#8243; offset=\u00bbvc_col-lg-6&#8243;][tm_image image_size=\u00bbcustom\u00bb animation=\u00bbfade-in\u00bb image=\u00bb2318&#8243; image_size_width=\u00bb300&#8243; rounded=\u00bb20&#8243; box_shadow=\u00bb0 5px 10px #696868&#8243;][tm_spacer size=\u00bblg:60&#8243;][\/vc_column_inner][vc_column_inner width=\u00bb1\/2&#8243; offset=\u00bbvc_col-lg-6&#8243;][tm_heading tag=\u00bbh2&#8243; custom_google_font=\u00bb\u00bb google_fonts=\u00bbfont_family:Poppins%3A300%2Cregular%2C500%2C600%2C700|font_style:700%20bold%20regular%3A700%3Anormal\u00bb font_weight=\u00bb500&#8243; text_transform=\u00bbuppercase\u00bb text_color=\u00bbcustom\u00bb custom_text_color=\u00bbrgba(255,255,255,0.8)\u00bb animation=\u00bbmove-up\u00bb text=\u00bb\u00bfQui\u00e9nes somos?\u00bb font_size=\u00bblg:14&#8243; letter_spacing=\u00bb1.75px\u00bb max_width=\u00bb200&#8243;][tm_spacer size=\u00bblg:20&#8243;][tm_heading tag=\u00bbh4&#8243; custom_google_font=\u00bb\u00bb text_color=\u00bbcustom\u00bb custom_text_color=\u00bb#ffffff\u00bb text=\u00bbSomos un consultorio dental en Le\u00f3n, Guanajuato, con la misi\u00f3n de lograr que t\u00fa sonrisa sea sana, funcional y est\u00e9tica.\u00bb font_size=\u00bblg:25&#8243;][tm_spacer size=\u00bblg:60&#8243;][tm_heading custom_google_font=\u00bb\u00bb text_color=\u00bbcustom\u00bb custom_text_color=\u00bb#ffffff\u00bb text=\u00bbEn AG Medical, contamos con diferentes especialistas para resolver tus necesidades y lograr trabajos de calidad y longevos. Atendemos a pacientes de todas las edades.\u00bb font_size=\u00bblg:24&#8243;][tm_spacer size=\u00bblg:60&#8243;][tm_heading custom_google_font=\u00bb\u00bb text_color=\u00bbcustom\u00bb custom_text_color=\u00bb#ffffff\u00bb text=\u00bbT\u00fa caso ser\u00e1 evaluado a fondo para ofrecer el mejor tratamiento para ti y tus seres queridos. En la entrevista inicial vamos a evaluar cuales son tus necesidades. Contamos con equipo de especialidades dentales.\u00bb font_size=\u00bblg:24&#8243;][tm_spacer size=\u00bblg:60&#8243;][\/vc_column_inner][\/vc_row_inner][tm_heading tag=\u00bbh1&#8243; custom_google_font=\u00bb\u00bb text_transform=\u00bbuppercase\u00bb align=\u00bbcenter\u00bb text_color=\u00bbcustom\u00bb custom_text_color=\u00bb#ffffff\u00bb text=\u00bbServicios\u00bb font_size=\u00bblg:30&#8243; letter_spacing=\u00bb1.75px\u00bb][tm_spacer size=\u00bblg:20&#8243;][tm_heading custom_google_font=\u00bb\u00bb google_fonts=\u00bbfont_family:Poppins%3A300%2Cregular%2C500%2C600%2C700|font_style:400%20regular%3A400%3Anormal\u00bb align=\u00bbcenter\u00bb text_color=\u00bbcustom\u00bb custom_text_color=\u00bb#1e73be\u00bb icon_type=\u00bbsmilepure\u00bb icon_smilepure=\u00bbsmilepure-implant\u00bb text=\u00bbImplantes Dentales\u00bb font_size=\u00bbsm:36;lg:42&#8243;][tm_heading custom_google_font=\u00bb\u00bb google_fonts=\u00bbfont_family:Poppins%3A300%2Cregular%2C500%2C600%2C700|font_style:400%20regular%3A400%3Anormal\u00bb align=\u00bbcenter\u00bb text_color=\u00bbcustom\u00bb custom_text_color=\u00bb#1e73be\u00bb icon_type=\u00bbsmilepure\u00bb icon_smilepure=\u00bbsmilepure-mouthwash\u00bb text=\u00bbOdontolog\u00eda Preventiva\u00bb font_size=\u00bbsm:36;lg:42&#8243;][tm_heading custom_google_font=\u00bb\u00bb google_fonts=\u00bbfont_family:Poppins%3A300%2Cregular%2C500%2C600%2C700|font_style:400%20regular%3A400%3Anormal\u00bb align=\u00bbcenter\u00bb text_color=\u00bbcustom\u00bb custom_text_color=\u00bb#1e73be\u00bb icon_type=\u00bbsmilepure\u00bb icon_smilepure=\u00bbsmilepure-teeth\u00bb text=\u00bbOdontolog\u00eda Est\u00e9tica\u00bb font_size=\u00bbsm:36;lg:42&#8243;][tm_heading custom_google_font=\u00bb\u00bb google_fonts=\u00bbfont_family:Poppins%3A300%2Cregular%2C500%2C600%2C700|font_style:400%20regular%3A400%3Anormal\u00bb align=\u00bbcenter\u00bb text_color=\u00bbcustom\u00bb custom_text_color=\u00bb#1e73be\u00bb icon_type=\u00bbsmilepure\u00bb icon_smilepure=\u00bbsmilepure-tooth-1&#8243; text=\u00bbOdontolog\u00eda Restauradora\u00bb font_size=\u00bbsm:36;lg:42&#8243;][tm_spacer size=\u00bblg:30&#8243;][\/vc_column][\/vc_row][vc_row][vc_column][tm_spacer size=\u00bblg:10&#8243;][\/vc_column][\/vc_row][vc_row][vc_column][tm_spacer size=\u00bblg:60&#8243;][tm_spacer size=\u00bblg:60&#8243;][\/vc_column][\/vc_row][vc_row full_width=\u00bbstretch_row_content\u00bb background_color=\u00bbsecondary\u00bb lg_spacing=\u00bbpadding_right:100;padding_left:100&#8243; md_spacing=\u00bbpadding_right:70;padding_left:70&#8243; sm_spacing=\u00bbpadding_right:50;padding_left:50&#8243; xs_spacing=\u00bbpadding_right:30;padding_left:30&#8243;][vc_column][tm_spacer size=\u00bblg:30&#8243;][tm_heading custom_google_font=\u00bb\u00bb google_fonts=\u00bbfont_family:Poppins%3A300%2Cregular%2C500%2C600%2C700|font_style:400%20regular%3A400%3Anormal\u00bb align=\u00bbcenter\u00bb text_color=\u00bbcustom\u00bb custom_text_color=\u00bb#ffffff\u00bb text=\u00bbConoce nuestra Infraestructura\u00bb font_size=\u00bbsm:36;lg:42&#8243;][tm_spacer size=\u00bblg:100&#8243;][tm_heading tag=\u00bbdiv\u00bb custom_google_font=\u00bb\u00bb google_fonts=\u00bbfont_family:Poppins%3A300%2Cregular%2C500%2C600%2C700|font_style:400%20regular%3A400%3Anormal\u00bb align=\u00bbcenter\u00bb text_color=\u00bbcustom\u00bb custom_text_color=\u00bb#ffffff\u00bb text=\u00bbSitio en construcci\u00f3n, disculpe las molestias\u00bb font_size=\u00bbsm:36;lg:42&#8243;][tm_spacer size=\u00bblg:100&#8243;][tm_image align=\u00bbcenter\u00bb animation=\u00bbfall-perspective\u00bb image=\u00bb2405&#8243; rounded=\u00bb15&#8243;][tm_spacer size=\u00bblg:100&#8243;][tm_spacer size=\u00bblg:15&#8243;][\/vc_column][\/vc_row][vc_row][vc_column][tm_spacer size=\u00bblg:150&#8243;][\/vc_column][\/vc_row]<\/p>\n","protected":false},"author":1,"featured_media":0,"parent":0,"menu_order":0,"comment_status":"closed","ping_status":"closed","template":"","meta":{"_joinchat":[],"footnotes":""},"class_list":["post-101","page","type-page","status-publish","hentry"],"_links":{"self":[{"href":"https:\/\/agmedical.com.mx\/index.php\/wp-json\/wp\/v2\/pages\/101","targetHints":{"allow":["GET"]}}],"collection":[{"href":"https:\/\/agmedical.com.mx\/index.php\/wp-json\/wp\/v2\/pages"}],"about":[{"href":"https:\/\/agmedical.com.mx\/index.php\/wp-json\/wp\/v2\/types\/page"}],"author":[{"embeddable":true,"href":"https:\/\/agmedical.com.mx\/index.php\/wp-json\/wp\/v2\/users\/1"}],"replies":[{"embeddable":true,"href":"https:\/\/agmedical.com.mx\/index.php\/wp-json\/wp\/v2\/comments?post=101"}],"version-history":[{"count":24,"href":"https:\/\/agmedical.com.mx\/index.php\/wp-json\/wp\/v2\/pages\/101\/revisions"}],"predecessor-version":[{"id":3048,"href":"https:\/\/agmedical.com.mx\/index.php\/wp-json\/wp\/v2\/pages\/101\/revisions\/3048"}],"wp:attachment":[{"href":"https:\/\/agmedical.com.mx\/index.php\/wp-json\/wp\/v2\/media?parent=101"}],"curies":[{"name":"wp","href":"https:\/\/api.w.org\/{rel}","templated":true}]}}